{"id":4964,"date":"2023-12-04T16:55:08","date_gmt":"2023-12-04T15:55:08","guid":{"rendered":"https:\/\/www.famigliaolivini.com\/?page_id=4964"},"modified":"2025-10-13T17:42:22","modified_gmt":"2025-10-13T15:42:22","slug":"il-guardiano","status":"publish","type":"page","link":"https:\/\/www.famigliaolivini.com\/fr\/il-guardiano\/","title":{"rendered":"Il Guardiano"},"content":{"rendered":"<div class=\"wpb-content-wrapper\"><p>[vc_row css_animation=\u00a0\u00bb\u00a0\u00bb css=\u00a0\u00bb.vc_custom_1688565315255{margin-bottom: 0px !important;border-bottom-width: 0px !important;padding-bottom: 0px !important;}\u00a0\u00bb][vc_column css_animation=\u00a0\u00bb\u00a0\u00bb][vc_row_inner css_animation=\u00a0\u00bb\u00a0\u00bb css=\u00a0\u00bb.vc_custom_1688565237563{margin-bottom: 0px !important;}\u00a0\u00bb][vc_column_inner width=\u00a0\u00bb1\/2&Prime;][vc_single_image image=\u00a0\u00bb3156&Prime; img_size=\u00a0\u00bbfull\u00a0\u00bb alignment=\u00a0\u00bbcenter\u00a0\u00bb css_animation=\u00a0\u00bb\u00a0\u00bb css=\u00a0\u00bb.vc_custom_1688738866359{margin-bottom: 0px !important;}\u00a0\u00bb][\/vc_column_inner][vc_column_inner width=\u00a0\u00bb1\/2&Prime; css=\u00a0\u00bb.vc_custom_1488885265853{padding: 5% !important;}\u00a0\u00bb][vc_column_text css_animation=\u00a0\u00bb\u00a0\u00bb css=\u00a0\u00bb.vc_custom_1726055831312{margin-bottom: 10px !important;}\u00a0\u00bb]<\/p>\n<h1>IL GUARDIANO<\/h1>\n<p>[\/vc_column_text][vc_column_text css_animation=\u00a0\u00bb\u00a0\u00bb]BENACO BRESCIANO ROSSO I.G.T.[\/vc_column_text][vc_column_text css_animation=\u00a0\u00bb\u00a0\u00bb]<\/p>\n<div class=\"tit\">Velout\u00e9 et harmonieux, ses parfums intenses rappellent les fruits des bois.<\/div>\n<p>[\/vc_column_text][vc_column_text css_animation=\u00a0\u00bb\u00a0\u00bb css=\u00a0\u00bb.vc_custom_1697464562497{margin-top: 60px !important;margin-bottom: 60px !important;}\u00a0\u00bb]<\/p>\n<div class=\"simpleText\">\n<div class=\"simpleText\">\n<div class=\"simpleText\">\n<p>La composition des c\u00e9pages Groppello, Marzemino, Barbera et Sangiovese ainsi qu&rsquo;une m\u00e9thode soign\u00e9e de vinification, permettent de concentrer et de mettre en \u00e9vidence au maximum les caract\u00e9ristiques de ce vin \u00e0 la couleur vive tirant sur le violac\u00e9. Il offre une bonne structure sur une base velout\u00e9e et harmonieuse avec des ar\u00f4mes intenses qui rappellent les fruits des bois.<\/p>\n<\/div>\n<\/div>\n<\/div>\n<p>[\/vc_column_text][vc_column_text css_animation=\u00a0\u00bb\u00a0\u00bb]<\/p>\n<div class=\"buynow\"><a href=\"https:\/\/shop.famigliaolivini.com\/products\/il-guardiano-benaco-bresciano-igt-rosso\" target=\"_blank\" rel=\"noopener\">ACHETER MAINTENANT<\/a><\/div>\n<p>[\/vc_column_text][\/vc_column_inner][\/vc_row_inner][\/vc_column][\/vc_row][vc_section][vc_row css_animation=\u00a0\u00bb\u00a0\u00bb][vc_column css_animation=\u00a0\u00bb\u00a0\u00bb]\n\t<div class=\"title-subtitle-box \" style=\" text-align: left;\">\n\t\t<p  style=\"\">Agricoltura Ragionata\u00ae<\/p>\n\t\t<h2 style=\" font-size:45pxpx; line-height: normal; font-style: normal;\">C\u2019est notre philosophie.<br \/>\nUne m\u00e9thode transmise de g\u00e9n\u00e9ration en g\u00e9n\u00e9ration.<\/h2>\n\t<\/div> [vc_row_inner css_animation=\u00a0\u00bb\u00a0\u00bb css=\u00a0\u00bb.vc_custom_1688566738733{margin-top: 100px !important;margin-bottom: 0px !important;}\u00a0\u00bb][vc_column_inner width=\u00a0\u00bb1\/2&Prime; css=\u00a0\u00bb.vc_custom_1688567769959{padding-top: 5% !important;padding-right: 5% !important;padding-bottom: 5% !important;padding-left: 5% !important;}\u00a0\u00bb offset=\u00a0\u00bbvc_col-lg-5&Prime;]\n\t<div class=\"title-subtitle-box  vc_custom_1688739362587 spec\" style=\" text-align: left;\">\n\t\t<h2 style=\" font-size:45pxpx; line-height: normal; font-style: normal;\">Il Guardiano<\/h2>\n\t<\/div> \n\t<div class=\"title-subtitle-box  spec\" style=\" text-align: left;\">\n\t\t<h6 style=\" font-style: normal; text-transform: uppercase;\">Appellation d\u2019origine<\/h6>\n\t<\/div> [vc_column_text css_animation=\u00a0\u00bb\u00a0\u00bb]Benaco Bresciano Rosso I.G.T.[\/vc_column_text]\n\t<div class=\"title-subtitle-box  spec\" style=\" text-align: left;\">\n\t\t<h6 style=\" font-style: normal; text-transform: uppercase;\">Assemblage<\/h6>\n\t<\/div> [vc_column_text css_animation=\u00a0\u00bb\u00a0\u00bb]Marzemino, Groppello, Sangiovese, Barbera[\/vc_column_text]\n\t<div class=\"title-subtitle-box  spec\" style=\" text-align: left;\">\n\t\t<h6 style=\" font-style: normal; text-transform: uppercase;\">Temp\u00e9rature de service<\/h6>\n\t<\/div> [vc_column_text css_animation=\u00a0\u00bb\u00a0\u00bb]16-18\u00b0 C[\/vc_column_text]\n\t<div class=\"title-subtitle-box  spec\" style=\" text-align: left;\">\n\t\t<h6 style=\" font-style: normal; text-transform: uppercase;\">Vinification<\/h6>\n\t<\/div> [vc_column_text css_animation=\u00a0\u00bb\u00a0\u00bb]Vendanges manuelles en cageot, \u00e9grappage des raisins avec un foulage tr\u00e8s l\u00e9ger des grains, mac\u00e9ration \u00e0 temp\u00e9rature contr\u00f4l\u00e9e, fermentation alcoolique effectu\u00e9es par des levures s\u00e9lectionn\u00e9es, fermentation malolactique compl\u00e8te.[\/vc_column_text]\n\t<div class=\"title-subtitle-box  spec\" style=\" text-align: left;\">\n\t\t<h6 style=\" font-style: normal; text-transform: uppercase;\">Analyse sensorielle<\/h6>\n\t<\/div> [vc_column_text css_animation=\u00a0\u00bb\u00a0\u00bb]Robe vive tirant sur le violac\u00e9, ar\u00f4mes intenses rappelant les baies sauvages. En bouche, il d\u00e9montre une bonne structure sur une base velout\u00e9e et harmonieuse. Contient des sulfites.[\/vc_column_text]\n\t<div class=\"title-subtitle-box  spec\" style=\" text-align: left;\">\n\t\t<h6 style=\" font-style: normal; text-transform: uppercase;\">Produit en Italie<\/h6>\n\t<\/div> [vc_column_text css_animation=\u00a0\u00bb\u00a0\u00bb]<\/p>\n<div class=\"buynow\"><a href=\"https:\/\/shop.famigliaolivini.com\/products\/il-guardiano-benaco-bresciano-igt-rosso\" target=\"_blank\" rel=\"noopener\">ACHETER MAINTENANT<\/a> <a href=\"https:\/\/www.famigliaolivini.com\/wp-content\/uploads\/2024\/07\/scheda-guardiano.pdf\" target=\"_blank\" rel=\"noopener\">T\u00c9L\u00c9CHARGER LE PDF<\/a><\/div>\n<p>[\/vc_column_text][\/vc_column_inner][vc_column_inner width=\u00a0\u00bb1\/2&Prime; offset=\u00a0\u00bbvc_col-lg-offset-1&Prime;][vc_single_image image=\u00a0\u00bb3309&Prime; img_size=\u00a0\u00bbfull\u00a0\u00bb alignment=\u00a0\u00bbcenter\u00a0\u00bb css_animation=\u00a0\u00bb\u00a0\u00bb css=\u00a0\u00bb.vc_custom_1688739339128{margin-bottom: 0px !important;}\u00a0\u00bb][\/vc_column_inner][\/vc_row_inner][vc_row_inner css_animation=\u00a0\u00bb\u00a0\u00bb css=\u00a0\u00bb.vc_custom_1688568339894{margin-top: 100px !important;margin-bottom: 0px !important;}\u00a0\u00bb][vc_column_inner width=\u00a0\u00bb1\/2&Prime;][vc_single_image image=\u00a0\u00bb3311&Prime; img_size=\u00a0\u00bbfull\u00a0\u00bb alignment=\u00a0\u00bbcenter\u00a0\u00bb css_animation=\u00a0\u00bb\u00a0\u00bb css=\u00a0\u00bb.vc_custom_1688739831592{margin-bottom: 0px !important;}\u00a0\u00bb][\/vc_column_inner][vc_column_inner width=\u00a0\u00bb1\/2&Prime; css=\u00a0\u00bb.vc_custom_1488885265853{padding: 5% !important;}\u00a0\u00bb]\n\t<div class=\"title-subtitle-box  abb\" style=\" text-align: left;\">\n\t\t<p  style=\"\">ACCORDS METS ET VINS<\/p>\n\t\t<h2 style=\" font-size:45pxpx; line-height: normal; font-style: normal;\">Il accompagne les plats de p\u00e2tes \u00e0 la sauce \u00e0 la viande, les viandes rouges simples, la charcuterie et les fromages \u00e0 p\u00e2te dure. Excellent avec les grillades de viandes et la tanche au four.<\/h2>\n\t<\/div> [\/vc_column_inner][\/vc_row_inner][\/vc_column][\/vc_row][\/vc_section][vc_row full_width=\u00a0\u00bbstretch_row\u00a0\u00bb css_animation=\u00a0\u00bb\u00a0\u00bb css=\u00a0\u00bb.vc_custom_1759825546922{padding-top: 100px !important;padding-bottom: 90px !important;background-color: #000000 !important;background-position: center !important;background-repeat: no-repeat !important;background-size: cover !important;}\u00a0\u00bb][vc_column css_animation=\u00a0\u00bb\u00a0\u00bb][vc_column_text css_animation=\u00a0\u00bb\u00a0\u00bb el_id=\u00a0\u00bbtit55&Prime;]<\/p>\n<h3 style=\"text-align: center;\">Abonnez-vous \u00e0 la newslette<\/h3>\n<p>[\/vc_column_text]<div class=\"vc_widget vc_widget_mailchimp   \"><div class=\"widget widget_mc4wp_form_widget\"><script>(function() {\n\twindow.mc4wp = window.mc4wp || {\n\t\tlisteners: [],\n\t\tforms: {\n\t\t\ton: function(evt, cb) {\n\t\t\t\twindow.mc4wp.listeners.push(\n\t\t\t\t\t{\n\t\t\t\t\t\tevent   : evt,\n\t\t\t\t\t\tcallback: cb\n\t\t\t\t\t}\n\t\t\t\t);\n\t\t\t}\n\t\t}\n\t}\n})();\n<\/script><!-- Mailchimp for WordPress v4.12.2 - https:\/\/wordpress.org\/plugins\/mailchimp-for-wp\/ --><form id=\"mc4wp-form-1\" class=\"mc4wp-form mc4wp-form-336 mc4wp-form-basic\" method=\"post\" data-id=\"336\" data-name=\"Villenoir\" ><div class=\"mc4wp-form-fields\"><style>\r\n  .input-group-btn:last-child::before{display:none}\r\n  ::placeholder {color:#000000 !important;}\r\n<\/style>\r\n<div id=\"formn\">\r\n<div class=\"form-group text-center\">\r\n\t<label class=\"hidden\">Email address: <\/label>\r\n\t<input class=\"form-control\" style=\"height:50px;border:1px solid #ffffff;border-radius:5px;background:#ffffff;\r\n                                       color:#000000;max-width:100% !important\" type=\"email\" name=\"EMAIL\" placeholder=\"Email\" required \/> \r\n<\/div>\r\n<div class=\"form-check\">\r\n        <input type=\"checkbox\" class=\"form-check-input\" id=\"privacy\" name=\"AGREE_TO_TERMS\" value=\"1\" required=\"\">\r\n             <span class=\"form-check-label\" for=\"privacy\" \r\n                   style=\"margin-top:-25px;display:block;padding-left:20px;font-size:12px; \r\n                          !important;color:#ffffff;line-height:1.4\">\r\n         Autorizzo al trattamento dei miei dati personali per fini di comunicazione commerciale e\/o invio di materiale pubblicitario dell'azienda, secondo l'informativa in materia di dati personali ai sensi del Regolamento Europeo (EU) 2017\/679 \u201cGDPR\u201d.\r\n         <\/span>\r\n    <\/div>  \t\r\n<span class=\"input-group-btn text-center\" style=\"text-align:center\">\r\n    \t<input class=\"btn\" style=\"font-size:20px;border:none;color:#ffffff\" type=\"submit\" value=\"Iscriviti\" \/>\r\n  \t<\/span>\r\n<!-- \/input-group -->\r\n<\/div><\/div><label style=\"display: none !important;\">Laissez ce champ vide si vous \u00eates humain\u00a0: <input type=\"text\" name=\"_mc4wp_honeypot\" value=\"\" tabindex=\"-1\" autocomplete=\"off\" \/><\/label><input type=\"hidden\" name=\"_mc4wp_timestamp\" value=\"1777488137\" \/><input type=\"hidden\" name=\"_mc4wp_form_id\" value=\"336\" \/><input type=\"hidden\" name=\"_mc4wp_form_element_id\" value=\"mc4wp-form-1\" \/><div class=\"mc4wp-response\"><\/div><\/form><!-- \/ Mailchimp for WordPress Plugin --><\/div><\/div>[\/vc_column][\/vc_row]<\/p>\n<\/div>","protected":false},"excerpt":{"rendered":"<p>[vc_row css_animation=\u00a0\u00bb\u00a0\u00bb css=\u00a0\u00bb.vc_custom_1688565315255{margin-bottom: 0px !important;border-bottom-width: 0px !important;padding-bottom: 0px !important;}\u00a0\u00bb][vc_column css_animation=\u00a0\u00bb\u00a0\u00bb][vc_row_inner css_animation=\u00a0\u00bb\u00a0\u00bb css=\u00a0\u00bb.vc_custom_1688565237563{margin-bottom: 0px !important;}\u00a0\u00bb][vc_column_inner width=\u00a0\u00bb1\/2&Prime;][vc_single_image image=\u00a0\u00bb3156&Prime; img_size=\u00a0\u00bbfull\u00a0\u00bb alignment=\u00a0\u00bbcenter\u00a0\u00bb css_animation=\u00a0\u00bb\u00a0\u00bb css=\u00a0\u00bb.vc_custom_1688738866359{margin-bottom: 0px !important;}\u00a0\u00bb][\/vc_column_inner][vc_column_inner width=\u00a0\u00bb1\/2&Prime; css=\u00a0\u00bb.vc_custom_1488885265853{padding: 5% !important;}\u00a0\u00bb][vc_column_text css_animation=\u00a0\u00bb\u00a0\u00bb css=\u00a0\u00bb.vc_custom_1726055831312{margin-bottom: 10px !important;}\u00a0\u00bb] IL GUARDIANO [\/vc_column_text][vc_column_text css_animation=\u00a0\u00bb\u00a0\u00bb]BENACO BRESCIANO ROSSO I.G.T.[\/vc_column_text][vc_column_text css_animation=\u00a0\u00bb\u00a0\u00bb] Velout\u00e9 et harmonieux, ses parfums intenses rappellent les fruits des bois. [\/vc_column_text][vc_column_text css_animation=\u00a0\u00bb\u00a0\u00bb css=\u00a0\u00bb.vc_custom_1697464562497{margin-top: 60px !important;margin-bottom: 60px<br class=\"read-more-spacer\"> <a class=\"more-link\" href=\"https:\/\/www.famigliaolivini.com\/fr\/il-guardiano\/\">Read More<\/a><\/p>\n","protected":false},"author":3,"featured_media":0,"parent":0,"menu_order":0,"comment_status":"closed","ping_status":"closed","template":"","meta":{"footnotes":""},"class_list":["post-4964","page","type-page","status-publish","hentry"],"acf":[],"_links":{"self":[{"href":"https:\/\/www.famigliaolivini.com\/fr\/wp-json\/wp\/v2\/pages\/4964","targetHints":{"allow":["GET"]}}],"collection":[{"href":"https:\/\/www.famigliaolivini.com\/fr\/wp-json\/wp\/v2\/pages"}],"about":[{"href":"https:\/\/www.famigliaolivini.com\/fr\/wp-json\/wp\/v2\/types\/page"}],"author":[{"embeddable":true,"href":"https:\/\/www.famigliaolivini.com\/fr\/wp-json\/wp\/v2\/users\/3"}],"replies":[{"embeddable":true,"href":"https:\/\/www.famigliaolivini.com\/fr\/wp-json\/wp\/v2\/comments?post=4964"}],"version-history":[{"count":13,"href":"https:\/\/www.famigliaolivini.com\/fr\/wp-json\/wp\/v2\/pages\/4964\/revisions"}],"predecessor-version":[{"id":7022,"href":"https:\/\/www.famigliaolivini.com\/fr\/wp-json\/wp\/v2\/pages\/4964\/revisions\/7022"}],"wp:attachment":[{"href":"https:\/\/www.famigliaolivini.com\/fr\/wp-json\/wp\/v2\/media?parent=4964"}],"curies":[{"name":"wp","href":"https:\/\/api.w.org\/{rel}","templated":true}]}}

<div class="wpb-content-wrapper"><p>[vc_row css_animation= » » css= ».vc_custom_1688565315255{margin-bottom: 0px !important;border-bottom-width: 0px !important;padding-bottom: 0px !important;} »][vc_column css_animation= » »][vc_row_inner css_animation= » » css= ».vc_custom_1688565237563{margin-bottom: 0px !important;} »][vc_column_inner width= »1/2&Prime;][vc_single_image image= »3156&Prime; img_size= »full » alignment= »center » css_animation= » » css= ».vc_custom_1688738866359{margin-bottom: 0px !important;} »][/vc_column_inner][vc_column_inner width= »1/2&Prime; css= ».vc_custom_1488885265853{padding: 5% !important;} »][vc_column_text css_animation= » » css= ».vc_custom_1726055831312{margin-bottom: 10px !important;} »]</p>
<h1>IL GUARDIANO</h1>
<p>[/vc_column_text][vc_column_text css_animation= » »]BENACO BRESCIANO ROSSO I.G.T.[/vc_column_text][vc_column_text css_animation= » »]</p>
<div class="tit">Velouté et harmonieux, ses parfums intenses rappellent les fruits des bois.</div>
<p>[/vc_column_text][vc_column_text css_animation= » » css= ».vc_custom_1697464562497{margin-top: 60px !important;margin-bottom: 60px !important;} »]</p>
<div class="simpleText">
<div class="simpleText">
<div class="simpleText">
<p>La composition des cépages Groppello, Marzemino, Barbera et Sangiovese ainsi qu&rsquo;une méthode soignée de vinification, permettent de concentrer et de mettre en évidence au maximum les caractéristiques de ce vin à la couleur vive tirant sur le violacé. Il offre une bonne structure sur une base veloutée et harmonieuse avec des arômes intenses qui rappellent les fruits des bois.</p>
</div>
</div>
</div>
<p>[/vc_column_text][vc_column_text css_animation= » »]</p>
<div class="buynow"><a href="https://shop.famigliaolivini.com/products/il-guardiano-benaco-bresciano-igt-rosso" target="_blank" rel="noopener">ACHETER MAINTENANT</a></div>
<p>[/vc_column_text][/vc_column_inner][/vc_row_inner][/vc_column][/vc_row][vc_section][vc_row css_animation= » »][vc_column css_animation= » »]
	<div class="title-subtitle-box " style=" text-align: left;">
		<p  style="">Agricoltura Ragionata®</p>
		<h2 style=" font-size:45pxpx; line-height: normal; font-style: normal;">C’est notre philosophie.<br />
Une méthode transmise de génération en génération.</h2>
	</div> [vc_row_inner css_animation= » » css= ».vc_custom_1688566738733{margin-top: 100px !important;margin-bottom: 0px !important;} »][vc_column_inner width= »1/2&Prime; css= ».vc_custom_1688567769959{padding-top: 5% !important;padding-right: 5% !important;padding-bottom: 5% !important;padding-left: 5% !important;} » offset= »vc_col-lg-5&Prime;]
	<div class="title-subtitle-box  vc_custom_1688739362587 spec" style=" text-align: left;">
		<h2 style=" font-size:45pxpx; line-height: normal; font-style: normal;">Il Guardiano</h2>
	</div> 
	<div class="title-subtitle-box  spec" style=" text-align: left;">
		<h6 style=" font-style: normal; text-transform: uppercase;">Appellation d’origine</h6>
	</div> [vc_column_text css_animation= » »]Benaco Bresciano Rosso I.G.T.[/vc_column_text]
	<div class="title-subtitle-box  spec" style=" text-align: left;">
		<h6 style=" font-style: normal; text-transform: uppercase;">Assemblage</h6>
	</div> [vc_column_text css_animation= » »]Marzemino, Groppello, Sangiovese, Barbera[/vc_column_text]
	<div class="title-subtitle-box  spec" style=" text-align: left;">
		<h6 style=" font-style: normal; text-transform: uppercase;">Température de service</h6>
	</div> [vc_column_text css_animation= » »]16-18° C[/vc_column_text]
	<div class="title-subtitle-box  spec" style=" text-align: left;">
		<h6 style=" font-style: normal; text-transform: uppercase;">Vinification</h6>
	</div> [vc_column_text css_animation= » »]Vendanges manuelles en cageot, égrappage des raisins avec un foulage très léger des grains, macération à température contrôlée, fermentation alcoolique effectuées par des levures sélectionnées, fermentation malolactique complète.[/vc_column_text]
	<div class="title-subtitle-box  spec" style=" text-align: left;">
		<h6 style=" font-style: normal; text-transform: uppercase;">Analyse sensorielle</h6>
	</div> [vc_column_text css_animation= » »]Robe vive tirant sur le violacé, arômes intenses rappelant les baies sauvages. En bouche, il démontre une bonne structure sur une base veloutée et harmonieuse. Contient des sulfites.[/vc_column_text]
	<div class="title-subtitle-box  spec" style=" text-align: left;">
		<h6 style=" font-style: normal; text-transform: uppercase;">Produit en Italie</h6>
	</div> [vc_column_text css_animation= » »]</p>
<div class="buynow"><a href="https://shop.famigliaolivini.com/products/il-guardiano-benaco-bresciano-igt-rosso" target="_blank" rel="noopener">ACHETER MAINTENANT</a> <a href="https://www.famigliaolivini.com/wp-content/uploads/2024/07/scheda-guardiano.pdf" target="_blank" rel="noopener">TÉLÉCHARGER LE PDF</a></div>
<p>[/vc_column_text][/vc_column_inner][vc_column_inner width= »1/2&Prime; offset= »vc_col-lg-offset-1&Prime;][vc_single_image image= »3309&Prime; img_size= »full » alignment= »center » css_animation= » » css= ».vc_custom_1688739339128{margin-bottom: 0px !important;} »][/vc_column_inner][/vc_row_inner][vc_row_inner css_animation= » » css= ».vc_custom_1688568339894{margin-top: 100px !important;margin-bottom: 0px !important;} »][vc_column_inner width= »1/2&Prime;][vc_single_image image= »3311&Prime; img_size= »full » alignment= »center » css_animation= » » css= ».vc_custom_1688739831592{margin-bottom: 0px !important;} »][/vc_column_inner][vc_column_inner width= »1/2&Prime; css= ».vc_custom_1488885265853{padding: 5% !important;} »]
	<div class="title-subtitle-box  abb" style=" text-align: left;">
		<p  style="">ACCORDS METS ET VINS</p>
		<h2 style=" font-size:45pxpx; line-height: normal; font-style: normal;">Il accompagne les plats de pâtes à la sauce à la viande, les viandes rouges simples, la charcuterie et les fromages à pâte dure. Excellent avec les grillades de viandes et la tanche au four.</h2>
	</div> [/vc_column_inner][/vc_row_inner][/vc_column][/vc_row][/vc_section][vc_row full_width= »stretch_row » css_animation= » » css= ».vc_custom_1759825546922{padding-top: 100px !important;padding-bottom: 90px !important;background-color: #000000 !important;background-position: center !important;background-repeat: no-repeat !important;background-size: cover !important;} »][vc_column css_animation= » »][vc_column_text css_animation= » » el_id= »tit55&Prime;]</p>
<h3 style="text-align: center;">Abonnez-vous à la newslette</h3>
<p>[/vc_column_text]<div class="vc_widget vc_widget_mailchimp   "><div class="widget widget_mc4wp_form_widget"><script>(function() {
	window.mc4wp = window.mc4wp || {
		listeners: [],
		forms: {
			on: function(evt, cb) {
				window.mc4wp.listeners.push(
					{
						event   : evt,
						callback: cb
					}
				);
			}
		}
	}
})();
</script><!-- Mailchimp for WordPress v4.12.2 - https://wordpress.org/plugins/mailchimp-for-wp/ --><form id="mc4wp-form-1" class="mc4wp-form mc4wp-form-336 mc4wp-form-basic" method="post" data-id="336" data-name="Villenoir" ><div class="mc4wp-form-fields"><style>
  .input-group-btn:last-child::before{display:none}
  ::placeholder {color:#000000 !important;}
</style>
<div id="formn">
<div class="form-group text-center">
	<label class="hidden">Email address: </label>
	<input class="form-control" style="height:50px;border:1px solid #ffffff;border-radius:5px;background:#ffffff;
                                       color:#000000;max-width:100% !important" type="email" name="EMAIL" placeholder="Email" required /> 
</div>
<div class="form-check">
        <input type="checkbox" class="form-check-input" id="privacy" name="AGREE_TO_TERMS" value="1" required="">
             <span class="form-check-label" for="privacy" 
                   style="margin-top:-25px;display:block;padding-left:20px;font-size:12px; 
                          !important;color:#ffffff;line-height:1.4">
         Autorizzo al trattamento dei miei dati personali per fini di comunicazione commerciale e/o invio di materiale pubblicitario dell'azienda, secondo l'informativa in materia di dati personali ai sensi del Regolamento Europeo (EU) 2017/679 “GDPR”.
         </span>
    </div>  	
<span class="input-group-btn text-center" style="text-align:center">
    	<input class="btn" style="font-size:20px;border:none;color:#ffffff" type="submit" value="Iscriviti" />
  	</span>
<!-- /input-group -->
</div></div><label style="display: none !important;">Laissez ce champ vide si vous êtes humain : <input type="text" name="_mc4wp_honeypot" value="" tabindex="-1" autocomplete="off" /></label><input type="hidden" name="_mc4wp_timestamp" value="1777488137" /><input type="hidden" name="_mc4wp_form_id" value="336" /><input type="hidden" name="_mc4wp_form_element_id" value="mc4wp-form-1" /><div class="mc4wp-response"></div></form><!-- / Mailchimp for WordPress Plugin --></div></div>[/vc_column][/vc_row]</p>
</div>

<p>[vc_row css_animation= » » css= ».vc_custom_1688565315255{margin-bottom: 0px !important;border-bottom-width: 0px !important;padding-bottom: 0px !important;} »][vc_column css_animation= » »][vc_row_inner css_animation= » » css= ».vc_custom_1688565237563{margin-bottom: 0px !important;} »][vc_column_inner width= »1/2&Prime;][vc_single_image image= »3156&Prime; img_size= »full » alignment= »center » css_animation= » » css= ».vc_custom_1688738866359{margin-bottom: 0px !important;} »][/vc_column_inner][vc_column_inner width= »1/2&Prime; css= ».vc_custom_1488885265853{padding: 5% !important;} »][vc_column_text css_animation= » » css= ».vc_custom_1726055831312{margin-bottom: 10px !important;} »] IL GUARDIANO [/vc_column_text][vc_column_text css_animation= » »]BENACO BRESCIANO ROSSO I.G.T.[/vc_column_text][vc_column_text css_animation= » »] Velouté et harmonieux, ses parfums intenses rappellent les fruits des bois. [/vc_column_text][vc_column_text css_animation= » » css= ».vc_custom_1697464562497{margin-top: 60px !important;margin-bottom: 60px<br class="read-more-spacer"> <a class="more-link" href="https://www.famigliaolivini.com/fr/il-guardiano/">Read More</a></p>
